is divided by 1452.
1029
Calculate the remainder when 46645 is divided by 549.
529
Calculate the remainder when 665 is divided by 39.
2
Calculate the remainder when 69436 is divided by 649.
642
Calculate the remainder when 50875 is divided by 68.
11
Calculate the remainder when 48107 is divided by 16034.
5
Calculate the remainder when 65602 is divided by 17.
16
Calculate the remainder when 37032 is divided by 50.
32
What is the remainder when 36784 is divided by 3?
1
What is the remainder when 2285 is divided by 1114?
57
Calculate the remainder when 14805 is divided by 6787.
1231
Calculate the remainder when 442803 is divided by 811.
808
What is the remainder when 7270 is divided by 165?
10
What is the remainder when 5400 is divided by 1268?
328
Calculate the remainder when 520524 is divided by 21.
18
Calculate the remainder when 5271 is divided by 1701.
168
Calculate the remainder when 12552 is divided by 182.
176
What is the remainder when 70377 is divided by 204?
201
Calculate the remainder when 263129 is divided by 87706.
11
What is the remainder when 143732 is divided by 7985?
2
Calculate the remainder when 643906 is divided by 56.
18
What is the remainder when 435250 is divided by 1860?
10
Calculate the remainder when 1374595 is divided by 1323.
1321
What is the remainder when 74388 is divided by 314?
284
Calculate the remainder when 6477 is divided by 52.
29
What is the remainder when 35726 is divided by 8892?
158
Calculate the remainder when 11301 is divided by 18.
15
What is the remainder when 627630 is divided by 156899?
34
Calculate the remainder when 1767 is divided by 1617.
150
What is the remainder when 46038 is divided by 451?
36
Calculate the remainder when 37800 is divided by 168.
0
Calculate the remainder when 314 is divided by 100.
14
Calculate the remainder when 127422 is divided by 16.
14
Calculate the remainder when 1883 is divided by 81.
20
Calculate the remainder when 2332 is divided by 343.
274
Calculate the remainder when 60725 is divided by 107.
56
What is the remainder when 1599066 is divided by 149?
147
Calculate the remainder when 175548 is divided by 91.
9
Calculate the remainder when 7595 is divided by 315.
35
Calculate the remainder when 1233 is divided by 177.
171
Calculate the remainder when 2715 is divided by 561.
471
Calculate the remainder when 27899 is divided by 537.
512
Calculate the remainder when 396705 is divided by 118.
107
What is the remainder when 1398 is divided by 14?
12
What is the remainder when 42082 is divided by 334?
332
What is the remainder when 252813 is divided by 50557?
28
Calculate the remainder when 196209 is divided by 98078.
53
Calculate the remainder when 48000 is divided by 1297.
11
Calculate the remainder when 45611 is divided by 60.
11
Calculate the remainder when 174964 is divided by 59.
29
Calculate the remainder when 113357 is divided by 2636.
9
What is the remainder when 81613 is divided by 385?
378
What is the remainder when 62447 is divided by 87?
68
Calculate the remainder when 987 is divided by 519.
468
Calculate the remainder when 520 is divided by 125.
20
Calculate the remainder when 10889 is divided by 98.
11
Calculate the remainder when 137171 is divided by 84.
83
What is the remainder when 39023 is divided by 664?
511
What is the remainder when 196439 is divided by 7?
5
What is the remainder when 1849 is divided by 1836?
13
What is the remainder when 179120 is divided by 1706?
1696
Calculate the remainder when 47617 is divided by 1080.
97
What is the remainder when 14557 is divided by 354?
43
What is the remainder when 1502 is divided by 1483?
19
What is the remainder when 4698 is divided by 223?
15
What is the remainder when 188133 is divided by 188131?
2
What is the remainder when 11488 is divided by 4674?
2140
Calculate the remainder when 17344 is divided by 133.
54
Calculate the remainder when 1320 is divided by 584.
152
What is the remainder when 557 is divided by 439?
118
What is the remainder when 2565 is divided by 1276?
13
What is the remainder when 68661 is divided by 147?
12
Calculate the remainder when 779168 is divided by 10.
8
What is the remainder when 1776 is divided by 1624?
152
What is the remainder when 26386 is divided by 39?
22
Calculate the remainder when 98870 is divided by 16473.
32
Calculate the remainder when 3197 is divided by 1012.
161
What is the remainder when 15911 is divided by 298?
117
What is the remainder when 2114 is divided by 53?
47
Calculate the remainder when 1174549 is divided by 91.
12
Calculate the remainder when 1255 is divided by 9.
4
What is the remainder when 2869 is divided by 9?
7
Calculate the remainder when 2558571 is divided by 19.
12
Calculate the remainder when 363 is divided by 46.
41
Calculate the remainder when 56236 is divided by 142.
4
What is the remainder when 2249 is divided by 19?
7
Calculate the remainder when 24585 is divided by 27.
15
What is the remainder when 867774 is divided by 208?
206
What is the remainder when 37149 is divided by 1428?
21
What is the remainder when 131345 is divided by 230?
15
What is the remainder when 2722 is divided by 171?
157
Calculate the remainder when 44307 is divided by 692.
19
Calculate the remainder when 3306 is divided by 3293.
13
Calculate the remainder when 3190 is divided by 289.
11
Calculate the remainder when 9658 is divided by 2074.
1362
What is the remainder when 61035 is divided by 21?
9
What is the remainder when 6478 is divided by 720?
718
Calculate the remainder when 1584 is divided by 413.
345
Calculate the remainder when 358 is divided by 60.
58
What is the remainder when 4408 is divided by 75?
58
Calculate the remainder when 172859 is divided by 258.
257
Calculate the remainder when 61129 is divided by 15273.
37
What is the remainder when 857695 is divided by 1094?
1093
Calculate the remainder when 2483 is divided by 487.
48
Calculate the remainder when 19313 is divided by 93.
62
What is the remainder when 22441 is divided by 1120?
41
Calculate the remainder when 1963 is divided by 260.
143
What is the remainder when 29482 is divided by 11?
2
What is the remainder when 132 is divided by 132?
0
What is the remainder when 509 is divided by 61?
21
Calculate the remainder when 1560 is divided by 497.
69
Calculate the remainder when 234175 is divided by 186.
1
Calculate the remainder when 18945 is divided by 575.
545
What is the remainder when 8576 is divided by 898?
494
Calculate the remainder when 29796 is divided by 46.
34
What is the remainder when 82707 is divided by 31?
30
What is the remainder when 115997 is divided by 3866?
17
What is the remainder when 3508 is divided by 153?
142
What is the remainder when 369354 is divided by 61558?
6
What is the remainder when 97238 is divided by 164?
150
What is the remainder when 220272 is divided by 57?
24
Calculate the remainder when 70330 is divided by 22.
18
Calculate the remainder when 209 is divided by 103.
3
What is the remainder when 125585 is divided by 598?
5
What is the remainder when 3530 is divided by 1372?
786
Calculate the remainder when 191668 is divided by 837.
832
Calculate the remainder when 5281 is divided by 5159.
122
What is the remainder when 20513 is divided by 1707?
29
What is the remainder when 7986 is divided by 97?
32
What is the remainder when 529 is divided by 501?
28
Calculate the remainder when 1574 is divided by 823.
751
What is the remainder when 2350 is divided by 774?
28
Calculate the remainder when 1033 is divided by 19.
7
What is the remainder when 119501 is divided by 1?
0
Calculate the remainder when 3714 is divided by 177.
174
What is the remainder when 60205 is divided by 61?
59
Calculate the remainder when 14383 is divided by 1778.
159
Calculate the remainder when 11314 is divided by 110.
94
What is the remainder when 45653 is divided by 397?
395
What is the remainder when 27203 is divided by 2?
1
Calculate the remainder when 3822 is divided by 192.
174
What is the remainder when 197577 is divided by 534?
531
What is the remainder when 1821065 is divided by 63?
50
Calculate the remainder when 1183099 is divided by 124.
15
Calculate the remainder when 5754 is divided by 120.
114
What is the remainder when 27657 is divided by 450?
207
What is the remainder when 39